{"id":14961,"date":"2018-11-08T01:36:13","date_gmt":"2018-11-08T00:36:13","guid":{"rendered":"http:\/\/parismidnightblues.com\/?page_id=14961"},"modified":"2026-04-02T16:32:27","modified_gmt":"2026-04-02T14:32:27","slug":"competitions","status":"publish","type":"page","link":"https:\/\/parismidnightblues.com\/index.php\/competitions\/","title":{"rendered":"Competitions"},"content":{"rendered":"<p>[vc_row css_animation=\u00a0\u00bb\u00a0\u00bb row_type=\u00a0\u00bbrow\u00a0\u00bb use_row_as_full_screen_section=\u00a0\u00bbno\u00a0\u00bb type=\u00a0\u00bbfull_width\u00a0\u00bb angled_section=\u00a0\u00bbno\u00a0\u00bb text_align=\u00a0\u00bbleft\u00a0\u00bb background_image_as_pattern=\u00a0\u00bbwithout_pattern\u00a0\u00bb][vc_column width=\u00a0\u00bb1\/2&Prime;][vc_empty_space height=\u00a0\u00bb50&Prime;][vc_column_text]<\/p>\n<p style=\"text-align: justify;\"><span style=\"font-weight: 400;\">As expected<\/span><span style=\"font-weight: 400;\">, the assessment of each candidate will be based on criteria like musicality, technical aspects, dance aesthetic. For this event, to meet the expectations and tastes of the <\/span><span style=\"font-weight: 400;\">largest number of participants<\/span><span style=\"font-weight: 400;\">, we are happy to <\/span><span style=\"font-weight: 400;\">offer<\/span><span style=\"font-weight: 400;\"> three different kinds of competitions, with distinctive characteristics:<\/span><\/p>\n<p>[\/vc_column_text][\/vc_column][vc_column width=\u00a0\u00bb1\/2&Prime;][vc_empty_space height=\u00a0\u00bb50&Prime;][vc_column_text]<\/p>\n<p style=\"text-align: justify;\">Les participants seront jug\u00e9s sur des crit\u00e8res classiques tels que la musicalit\u00e9, les qualit\u00e9s techniques, l\u2019esth\u00e9tique de leur danse. Pour cet \u00e9v\u00e9nement, il y en aura pour tous les go\u00fbts car nous vous proposons trois types de comp\u00e9titions, poss\u00e9dant chacune ses particularit\u00e9s :[\/vc_column_text][\/vc_column][\/vc_row][vc_row css_animation=\u00a0\u00bb\u00a0\u00bb row_type=\u00a0\u00bbrow\u00a0\u00bb use_row_as_full_screen_section=\u00a0\u00bbno\u00a0\u00bb type=\u00a0\u00bbfull_width\u00a0\u00bb angled_section=\u00a0\u00bbno\u00a0\u00bb text_align=\u00a0\u00bbleft\u00a0\u00bb background_image_as_pattern=\u00a0\u00bbwithout_pattern\u00a0\u00bb][vc_column][vc_empty_space][\/vc_column][\/vc_row][vc_row css_animation=\u00a0\u00bb\u00a0\u00bb row_type=\u00a0\u00bbrow\u00a0\u00bb use_row_as_full_screen_section=\u00a0\u00bbno\u00a0\u00bb type=\u00a0\u00bbfull_width\u00a0\u00bb angled_section=\u00a0\u00bbno\u00a0\u00bb text_align=\u00a0\u00bbleft\u00a0\u00bb background_image_as_pattern=\u00a0\u00bbwithout_pattern\u00a0\u00bb][vc_column width=\u00a0\u00bb1\/3&Prime;][vc_single_image image=\u00a0\u00bb15637&Prime; img_size=\u00a0\u00bb500&#215;500&Prime; qode_css_animation=\u00a0\u00bb\u00a0\u00bb][vc_empty_space][vc_column_text]<\/p>\n<p style=\"text-align: center;\"><strong>STRICTLY<\/strong><\/p>\n<p>&nbsp;<\/p>\n<p style=\"text-align: justify;\"><i><span style=\"font-weight: 400;\">Choose your partner and register together. You\u2019ll stick together until the end of the <\/span><\/i><i><span style=\"font-weight: 400;\">competition !<\/span><\/i><i><span style=\"font-weight: 400;\"> The jury will pay a particularly close attention <\/span><\/i><span style=\"font-weight: 400;\">to the quality of your interplay<\/span><i><span style=\"font-weight: 400;\">, the uniqueness of your partnership and your showmanship.<\/span><\/i><\/p>\n<hr \/>\n<p style=\"text-align: justify;\">Inscrivez vous avec le partenaire de votre choix. Vous ne vous quitterez plus de la comp\u00e9tition ! Les juges accorderont de l\u2019importance \u00e0 votre complicit\u00e9, au caract\u00e8re unique de votre partenariat, et \u00e0 votre capacit\u00e9 \u00e0 faire le show.<\/p>\n<p>[\/vc_column_text][\/vc_column][vc_column width=\u00a0\u00bb1\/3&Prime;][vc_single_image image=\u00a0\u00bb15635&Prime; img_size=\u00a0\u00bb500&#215;500&Prime; qode_css_animation=\u00a0\u00bb\u00a0\u00bb][vc_empty_space][vc_column_text]<\/p>\n<p style=\"text-align: center;\"><strong>MIX &amp; MATCH<\/strong><\/p>\n<p>&nbsp;<\/p>\n<p style=\"text-align: justify;\"><em>You can register alone on condition that there is a balance between leaders and followers. You will be judged on your ability to adapt to different partners on different music styles.<\/em><\/p>\n<hr \/>\n<p style=\"text-align: justify;\">Vous pouvez vous inscrire seul sous r\u00e9serve de respecter l\u2019\u00e9quilibre leader\/follower. Vous serez jug\u00e9 sur votre adaptabilit\u00e9 \u00e0 diff\u00e9rents partenaires et diff\u00e9rents styles de musique.<\/p>\n<p>[\/vc_column_text][\/vc_column][vc_column width=\u00a0\u00bb1\/3&Prime;][vc_single_image image=\u00a0\u00bb15636&Prime; img_size=\u00a0\u00bb500&#215;500&Prime; qode_css_animation=\u00a0\u00bb\u00a0\u00bb][vc_empty_space][vc_column_text]<\/p>\n<p style=\"text-align: center;\"><strong>SOLO<\/strong><\/p>\n<p>&nbsp;<\/p>\n<p style=\"text-align: justify;\"><em>You will be judged on the details of your dance and the richness of your moves, as well as on your sense of theatricality.<\/em><\/p>\n<hr \/>\n<p style=\"text-align: justify;\">Vous serez jug\u00e9 sur les d\u00e9tails et la richesse de vos mouvements, mais aussi sur la th\u00e9\u00e2tralit\u00e9 de votre danse.<\/p>\n<p>[\/vc_column_text][\/vc_column][\/vc_row][vc_row css_animation=\u00a0\u00bb\u00a0\u00bb row_type=\u00a0\u00bbrow\u00a0\u00bb use_row_as_full_screen_section=\u00a0\u00bbno\u00a0\u00bb type=\u00a0\u00bbfull_width\u00a0\u00bb angled_section=\u00a0\u00bbno\u00a0\u00bb text_align=\u00a0\u00bbleft\u00a0\u00bb background_image_as_pattern=\u00a0\u00bbwithout_pattern\u00a0\u00bb][vc_column][vc_empty_space height=\u00a0\u00bb70px\u00a0\u00bb][\/vc_column][\/vc_row][vc_row css_animation=\u00a0\u00bb\u00a0\u00bb row_type=\u00a0\u00bbrow\u00a0\u00bb use_row_as_full_screen_section=\u00a0\u00bbno\u00a0\u00bb type=\u00a0\u00bbfull_width\u00a0\u00bb angled_section=\u00a0\u00bbno\u00a0\u00bb text_align=\u00a0\u00bbleft\u00a0\u00bb background_image_as_pattern=\u00a0\u00bbwithout_pattern\u00a0\u00bb][vc_column][vc_column_text]<\/p>\n<h2 style=\"text-align: center;\"><span style=\"color: #f9b233;\"><strong>LEVELS \/ NIVEAUX<\/strong><\/span><\/h2>\n<p>[\/vc_column_text][vc_empty_space][\/vc_column][\/vc_row][vc_row css_animation=\u00a0\u00bb\u00a0\u00bb row_type=\u00a0\u00bbrow\u00a0\u00bb use_row_as_full_screen_section=\u00a0\u00bbno\u00a0\u00bb type=\u00a0\u00bbfull_width\u00a0\u00bb angled_section=\u00a0\u00bbno\u00a0\u00bb text_align=\u00a0\u00bbleft\u00a0\u00bb background_image_as_pattern=\u00a0\u00bbwithout_pattern\u00a0\u00bb][vc_column width=\u00a0\u00bb1\/2&Prime;][vc_column_text]<span style=\"font-weight: 400;\">We love blues competitions and we want to develop it, but we know that it\u2019s very intimidating for many people <\/span><span style=\"font-weight: 400;\">who will not dare to participate.<br \/>\n<\/span><span style=\"font-weight: 400;\">For this reason, we <\/span><span style=\"font-weight: 400;\">will split the<\/span><span style=\"font-weight: 400;\"> Mix &amp; Match competition in two different levels. <\/span><\/p>\n<p><span style=\"font-weight: 400;\"><strong>There will be only one level for the strictly<\/strong><\/span><\/p>\n<p>&nbsp;<\/p>\n<p style=\"text-align: justify;\"><em><strong>Open<\/strong><\/em>\u00a0: <span style=\"font-weight: 400;\">If you are not very experienced in competition, or <\/span><span style=\"font-weight: 400;\">if you are still<\/span><span style=\"font-weight: 400;\"> hesitating to participate, this level is for you. The purpose is to make a more friendly and less intimidating competition.<\/span><\/p>\n<p>&nbsp;<\/p>\n<p style=\"text-align: justify;\"><em><strong>Challenge<\/strong><\/em> : This M&amp;M category is designed to challenge experienced dancers. If you teach in your city, are regularly in the top tier of major festivals, and have already made one or more podium finishes in competition, it&rsquo;s logical that you should aim for Challenge. These criteria are indicative and possibly imprecise, so in the interests of fairness we reserve the right to submit the list to the festival instructors, and to make category changes if necessary.<\/p>\n<p>[\/vc_column_text][\/vc_column][vc_column width=\u00a0\u00bb1\/2&Prime;][vc_column_text]<\/p>\n<p style=\"text-align: justify;\">Nous aimons les comp\u00e9titions de blues et il nous tient \u00e0 c\u0153ur de d\u00e9velopper cet aspect de la sc\u00e8ne, mais nous savons aussi que c\u2019est parfois intimidant pour beaucoup de gens qui n\u2019osent pas s\u2019inscrire. C\u2019est pourquoi nous avons d\u00e9cid\u00e9 de s\u00e9parer la comp\u00e9tition Mix &amp; Match en deux niveaux. <strong>Il n&rsquo;y aura qu&rsquo;un niveau pour le striclty.<\/strong><\/p>\n<p>&nbsp;<\/p>\n<p style=\"text-align: justify;\"><em><strong>Open<\/strong><\/em>\u00a0: Si vous n\u2019avez pas encore beaucoup d\u2019exp\u00e9rience dans les comp\u00e9titions, ou que vous h\u00e9sitez encore \u00e0 participer, ce niveau est pour vous. L\u2019objectif est d\u2019amener un format de comp\u00e9tition plus \u00ab amical \u00bb et moins intimidant.<\/p>\n<p>&nbsp;<\/p>\n<p style=\"text-align: justify;\"><em><strong>Challenge<\/strong><\/em> : Cette cat\u00e9gorie du M&amp;M a pour but de challenger des danseurs exp\u00e9riment\u00e9s. Si vous enseignez dans votre ville, que vous \u00eates r\u00e9guli\u00e8rement dans le niveau le plus \u00e9lev\u00e9 des grands festivals, que vous avez d\u00e9j\u00e0 fait un ou plusieurs podiums en comp\u00e9tition, il est logique que vous visiez l\u2019advanced. Ces crit\u00e8res sont indicatifs et possiblement impr\u00e9cis, c\u2019est pourquoi par souci d\u2019\u00e9quit\u00e9, nous nous r\u00e9servons le droit de soumettre la liste aux instructeurs du festival, et de proc\u00e9der, si besoin, \u00e0 d\u00e9s changements de cat\u00e9gorie.<\/p>\n<p>[\/vc_column_text][\/vc_column][\/vc_row][vc_row css_animation=\u00a0\u00bb\u00a0\u00bb row_type=\u00a0\u00bbrow\u00a0\u00bb use_row_as_full_screen_section=\u00a0\u00bbno\u00a0\u00bb type=\u00a0\u00bbfull_width\u00a0\u00bb angled_section=\u00a0\u00bbno\u00a0\u00bb text_align=\u00a0\u00bbleft\u00a0\u00bb background_image_as_pattern=\u00a0\u00bbwithout_pattern\u00a0\u00bb][vc_column][vc_empty_space height=\u00a0\u00bb70px\u00a0\u00bb][\/vc_column][\/vc_row][vc_row css_animation=\u00a0\u00bb\u00a0\u00bb row_type=\u00a0\u00bbrow\u00a0\u00bb use_row_as_full_screen_section=\u00a0\u00bbno\u00a0\u00bb type=\u00a0\u00bbfull_width\u00a0\u00bb angled_section=\u00a0\u00bbno\u00a0\u00bb text_align=\u00a0\u00bbleft\u00a0\u00bb background_image_as_pattern=\u00a0\u00bbwithout_pattern\u00a0\u00bb][vc_column][vc_column_text]<\/p>\n<h2 style=\"text-align: center;\"><span style=\"color: #f9b233;\"><strong>REGISTRATION \/ INSCRIPTION<\/strong><\/span><\/h2>\n<p>[\/vc_column_text][vc_empty_space][vc_column_text]<\/p>\n<p style=\"text-align: center;\">Registration for competitions : 5th April at 3pm (UTC +2)<\/p>\n<p style=\"text-align: center;\">L&rsquo;inscription aux comp\u00e9titions se fera le 5 avril \u00e0 15h (heure de Paris)<\/p>\n<p>[\/vc_column_text][vc_empty_space][\/vc_column][\/vc_row][vc_row css_animation=\u00a0\u00bb\u00a0\u00bb row_type=\u00a0\u00bbrow\u00a0\u00bb use_row_as_full_screen_section=\u00a0\u00bbno\u00a0\u00bb type=\u00a0\u00bbfull_width\u00a0\u00bb angled_section=\u00a0\u00bbno\u00a0\u00bb text_align=\u00a0\u00bbleft\u00a0\u00bb background_image_as_pattern=\u00a0\u00bbwithout_pattern\u00a0\u00bb][vc_column width=\u00a0\u00bb1\/5&Prime;][\/vc_column][vc_column width=\u00a0\u00bb1\/5&Prime;][\/vc_column][vc_column width=\u00a0\u00bb1\/5&Prime;][vc_empty_space]<a  itemprop=\"url\" href=\"https:\/\/viensonswing.fr\/registration\/private\/1686\/fada9ce3-adf5-462f-96ea-55498762acc1\" target=\"_self\"  class=\"qbutton  default\" style=\"\">REGISTRATION<\/a>[vc_empty_space][\/vc_column][vc_column width=\u00a0\u00bb1\/5&Prime;][\/vc_column][vc_column width=\u00a0\u00bb1\/5&Prime;][\/vc_column][\/vc_row][vc_row css_animation=\u00a0\u00bb\u00a0\u00bb row_type=\u00a0\u00bbrow\u00a0\u00bb use_row_as_full_screen_section=\u00a0\u00bbno\u00a0\u00bb type=\u00a0\u00bbfull_width\u00a0\u00bb angled_section=\u00a0\u00bbno\u00a0\u00bb text_align=\u00a0\u00bbleft\u00a0\u00bb background_image_as_pattern=\u00a0\u00bbwithout_pattern\u00a0\u00bb][vc_column][vc_column_text]<\/p>\n<h2 style=\"text-align: center;\"><span style=\"color: #f9b233;\"><strong>PRIZES \/ PRIX<\/strong><\/span><\/h2>\n<p>[\/vc_column_text][vc_empty_space][vc_column_text]<\/p>\n<p style=\"text-align: center;\"><em>Partner festivals \/ <\/em>Festivals partenaires :<\/p>\n<p>&nbsp;<\/p>\n<p style=\"text-align: center;\">Blues Spot in Strasbourg<br \/>\n&#8230;<\/p>\n<p>[\/vc_column_text][\/vc_column][\/vc_row][vc_row css_animation=\u00a0\u00bb\u00a0\u00bb row_type=\u00a0\u00bbrow\u00a0\u00bb use_row_as_full_screen_section=\u00a0\u00bbno\u00a0\u00bb type=\u00a0\u00bbfull_width\u00a0\u00bb angled_section=\u00a0\u00bbno\u00a0\u00bb text_align=\u00a0\u00bbleft\u00a0\u00bb background_image_as_pattern=\u00a0\u00bbwithout_pattern\u00a0\u00bb][vc_column][vc_empty_space height=\u00a0\u00bb70px\u00a0\u00bb][\/vc_column][\/vc_row]<\/p>\n","protected":false},"excerpt":{"rendered":"<p>[vc_row css_animation=\u00a0\u00bb\u00a0\u00bb row_type=\u00a0\u00bbrow\u00a0\u00bb use_row_as_full_screen_section=\u00a0\u00bbno\u00a0\u00bb type=\u00a0\u00bbfull_width\u00a0\u00bb angled_section=\u00a0\u00bbno\u00a0\u00bb text_align=\u00a0\u00bbleft\u00a0\u00bb background_image_as_pattern=\u00a0\u00bbwithout_pattern\u00a0\u00bb][vc_column width=\u00a0\u00bb1\/2&Prime;][vc_empty_space height=\u00a0\u00bb50&Prime;][vc_column_text] As expected, the assessment of each candidate will be based on criteria like musicality, technical aspects, dance aesthetic. For this event, to meet the expectations and tastes of the largest number of participants, we are&#8230;<\/p>\n","protected":false},"author":1,"featured_media":0,"parent":0,"menu_order":0,"comment_status":"closed","ping_status":"closed","template":"","meta":{"footnotes":""},"class_list":["post-14961","page","type-page","status-publish","hentry"],"yoast_head":"<!-- This site is optimized with the Yoast SEO plugin v26.5 - https:\/\/yoast.com\/wordpress\/plugins\/seo\/ -->\n<title>Competitions &#060; Paris Midnight Blues<\/title>\n<meta name=\"description\" content=\"The assessment of each candidate will be based on criteria like musicality, technical aspects, dance aesthetic. We open three different kinds of competitions, with distinctive characteristics: Jack &amp; Jill, strictly and solo.\" \/>\n<meta name=\"robots\" content=\"index, follow, max-snippet:-1, max-image-preview:large, max-video-preview:-1\" \/>\n<link rel=\"canonical\" href=\"https:\/\/parismidnightblues.com\/index.php\/competitions\/\" \/>\n<meta property=\"og:locale\" content=\"fr_FR\" \/>\n<meta property=\"og:type\" content=\"article\" \/>\n<meta property=\"og:title\" content=\"Competitions &#060; Paris Midnight Blues\" \/>\n<meta property=\"og:description\" content=\"The assessment of each candidate will be based on criteria like musicality, technical aspects, dance aesthetic. We open three different kinds of competitions, with distinctive characteristics: Jack &amp; Jill, strictly and solo.\" \/>\n<meta property=\"og:url\" content=\"https:\/\/parismidnightblues.com\/index.php\/competitions\/\" \/>\n<meta property=\"og:site_name\" content=\"Paris Midnight Blues\" \/>\n<meta property=\"article:publisher\" content=\"https:\/\/www.facebook.com\/parismidnightblues\/\" \/>\n<meta property=\"article:modified_time\" content=\"2026-04-02T14:32:27+00:00\" \/>\n<meta name=\"twitter:card\" content=\"summary_large_image\" \/>\n<meta name=\"twitter:label1\" content=\"Dur\u00e9e de lecture estim\u00e9e\" \/>\n\t<meta name=\"twitter:data1\" content=\"4 minutes\" \/>\n<script type=\"application\/ld+json\" class=\"yoast-schema-graph\">{\"@context\":\"https:\/\/schema.org\",\"@graph\":[{\"@type\":\"WebPage\",\"@id\":\"https:\/\/parismidnightblues.com\/index.php\/competitions\/\",\"url\":\"https:\/\/parismidnightblues.com\/index.php\/competitions\/\",\"name\":\"Competitions &#060; Paris Midnight Blues\",\"isPartOf\":{\"@id\":\"https:\/\/parismidnightblues.com\/#website\"},\"datePublished\":\"2018-11-08T00:36:13+00:00\",\"dateModified\":\"2026-04-02T14:32:27+00:00\",\"description\":\"The assessment of each candidate will be based on criteria like musicality, technical aspects, dance aesthetic. We open three different kinds of competitions, with distinctive characteristics: Jack & Jill, strictly and solo.\",\"breadcrumb\":{\"@id\":\"https:\/\/parismidnightblues.com\/index.php\/competitions\/#breadcrumb\"},\"inLanguage\":\"fr-FR\",\"potentialAction\":[{\"@type\":\"ReadAction\",\"target\":[\"https:\/\/parismidnightblues.com\/index.php\/competitions\/\"]}]},{\"@type\":\"BreadcrumbList\",\"@id\":\"https:\/\/parismidnightblues.com\/index.php\/competitions\/#breadcrumb\",\"itemListElement\":[{\"@type\":\"ListItem\",\"position\":1,\"name\":\"Accueil\",\"item\":\"https:\/\/parismidnightblues.com\/\"},{\"@type\":\"ListItem\",\"position\":2,\"name\":\"Competitions\"}]},{\"@type\":\"WebSite\",\"@id\":\"https:\/\/parismidnightblues.com\/#website\",\"url\":\"https:\/\/parismidnightblues.com\/\",\"name\":\"Paris Midnight Blues\",\"description\":\"International Blues Dance Festival\",\"potentialAction\":[{\"@type\":\"SearchAction\",\"target\":{\"@type\":\"EntryPoint\",\"urlTemplate\":\"https:\/\/parismidnightblues.com\/?s={search_term_string}\"},\"query-input\":{\"@type\":\"PropertyValueSpecification\",\"valueRequired\":true,\"valueName\":\"search_term_string\"}}],\"inLanguage\":\"fr-FR\"}]}<\/script>\n<!-- \/ Yoast SEO plugin. -->","yoast_head_json":{"title":"Competitions &#060; Paris Midnight Blues","description":"The assessment of each candidate will be based on criteria like musicality, technical aspects, dance aesthetic. We open three different kinds of competitions, with distinctive characteristics: Jack & Jill, strictly and solo.","robots":{"index":"index","follow":"follow","max-snippet":"max-snippet:-1","max-image-preview":"max-image-preview:large","max-video-preview":"max-video-preview:-1"},"canonical":"https:\/\/parismidnightblues.com\/index.php\/competitions\/","og_locale":"fr_FR","og_type":"article","og_title":"Competitions &#060; Paris Midnight Blues","og_description":"The assessment of each candidate will be based on criteria like musicality, technical aspects, dance aesthetic. We open three different kinds of competitions, with distinctive characteristics: Jack & Jill, strictly and solo.","og_url":"https:\/\/parismidnightblues.com\/index.php\/competitions\/","og_site_name":"Paris Midnight Blues","article_publisher":"https:\/\/www.facebook.com\/parismidnightblues\/","article_modified_time":"2026-04-02T14:32:27+00:00","twitter_card":"summary_large_image","twitter_misc":{"Dur\u00e9e de lecture estim\u00e9e":"4 minutes"},"schema":{"@context":"https:\/\/schema.org","@graph":[{"@type":"WebPage","@id":"https:\/\/parismidnightblues.com\/index.php\/competitions\/","url":"https:\/\/parismidnightblues.com\/index.php\/competitions\/","name":"Competitions &#060; Paris Midnight Blues","isPartOf":{"@id":"https:\/\/parismidnightblues.com\/#website"},"datePublished":"2018-11-08T00:36:13+00:00","dateModified":"2026-04-02T14:32:27+00:00","description":"The assessment of each candidate will be based on criteria like musicality, technical aspects, dance aesthetic. We open three different kinds of competitions, with distinctive characteristics: Jack & Jill, strictly and solo.","breadcrumb":{"@id":"https:\/\/parismidnightblues.com\/index.php\/competitions\/#breadcrumb"},"inLanguage":"fr-FR","potentialAction":[{"@type":"ReadAction","target":["https:\/\/parismidnightblues.com\/index.php\/competitions\/"]}]},{"@type":"BreadcrumbList","@id":"https:\/\/parismidnightblues.com\/index.php\/competitions\/#breadcrumb","itemListElement":[{"@type":"ListItem","position":1,"name":"Accueil","item":"https:\/\/parismidnightblues.com\/"},{"@type":"ListItem","position":2,"name":"Competitions"}]},{"@type":"WebSite","@id":"https:\/\/parismidnightblues.com\/#website","url":"https:\/\/parismidnightblues.com\/","name":"Paris Midnight Blues","description":"International Blues Dance Festival","potentialAction":[{"@type":"SearchAction","target":{"@type":"EntryPoint","urlTemplate":"https:\/\/parismidnightblues.com\/?s={search_term_string}"},"query-input":{"@type":"PropertyValueSpecification","valueRequired":true,"valueName":"search_term_string"}}],"inLanguage":"fr-FR"}]}},"_links":{"self":[{"href":"https:\/\/parismidnightblues.com\/index.php\/wp-json\/wp\/v2\/pages\/14961","targetHints":{"allow":["GET"]}}],"collection":[{"href":"https:\/\/parismidnightblues.com\/index.php\/wp-json\/wp\/v2\/pages"}],"about":[{"href":"https:\/\/parismidnightblues.com\/index.php\/wp-json\/wp\/v2\/types\/page"}],"author":[{"embeddable":true,"href":"https:\/\/parismidnightblues.com\/index.php\/wp-json\/wp\/v2\/users\/1"}],"replies":[{"embeddable":true,"href":"https:\/\/parismidnightblues.com\/index.php\/wp-json\/wp\/v2\/comments?post=14961"}],"version-history":[{"count":32,"href":"https:\/\/parismidnightblues.com\/index.php\/wp-json\/wp\/v2\/pages\/14961\/revisions"}],"predecessor-version":[{"id":16015,"href":"https:\/\/parismidnightblues.com\/index.php\/wp-json\/wp\/v2\/pages\/14961\/revisions\/16015"}],"wp:attachment":[{"href":"https:\/\/parismidnightblues.com\/index.php\/wp-json\/wp\/v2\/media?parent=14961"}],"curies":[{"name":"wp","href":"https:\/\/api.w.org\/{rel}","templated":true}]}}