{"id":14932,"date":"2018-11-08T01:01:18","date_gmt":"2018-11-08T00:01:18","guid":{"rendered":"http:\/\/parismidnightblues.com\/?page_id=14932"},"modified":"2026-04-02T15:10:45","modified_gmt":"2026-04-02T13:10:45","slug":"venues-lieux","status":"publish","type":"page","link":"https:\/\/parismidnightblues.com\/index.php\/venues-lieux\/","title":{"rendered":"Venues \/ Lieux"},"content":{"rendered":"<p>[vc_row css_animation=\u00a0\u00bb\u00a0\u00bb row_type=\u00a0\u00bbrow\u00a0\u00bb use_row_as_full_screen_section=\u00a0\u00bbno\u00a0\u00bb type=\u00a0\u00bbfull_width\u00a0\u00bb angled_section=\u00a0\u00bbno\u00a0\u00bb text_align=\u00a0\u00bbleft\u00a0\u00bb background_image_as_pattern=\u00a0\u00bbwithout_pattern\u00a0\u00bb][vc_column][vc_empty_space height=\u00a0\u00bb70px\u00a0\u00bb][vc_column_text]<\/p>\n<h2 style=\"text-align: center;\"><span style=\"color: #f9b233;\">Classes \/ Cours<\/span><\/h2>\n<p>[\/vc_column_text][vc_empty_space][\/vc_column][\/vc_row][vc_row css_animation=\u00a0\u00bb\u00a0\u00bb row_type=\u00a0\u00bbrow\u00a0\u00bb use_row_as_full_screen_section=\u00a0\u00bbno\u00a0\u00bb type=\u00a0\u00bbfull_width\u00a0\u00bb angled_section=\u00a0\u00bbno\u00a0\u00bb text_align=\u00a0\u00bbleft\u00a0\u00bb background_image_as_pattern=\u00a0\u00bbwithout_pattern\u00a0\u00bb][vc_column width=\u00a0\u00bb1\/3&Prime;][vc_column_text]<\/p>\n<p style=\"text-align: center;\"><b>Groov&rsquo;it Dance Studio<br \/>\n<\/b>19 rue Garibaldi<br \/>\n93100 Montreuil<\/p>\n<p>[\/vc_column_text][vc_empty_space height=\u00a0\u00bb10px\u00a0\u00bb][vc_gmaps link=\u00a0\u00bb#E-8_JTNDaWZyYW1lJTIwc3JjJTNEJTIyaHR0cHMlM0ElMkYlMkZ3d3cuZ29vZ2xlLmNvbSUyRm1hcHMlMkZlbWJlZCUzRnBiJTNEJTIxMW0xOCUyMTFtMTIlMjExbTMlMjExZDI2MjUuMTQ2MTYyMzg5MDI4NiUyMTJkMi40MjQ0NjgwNzY3NDMxODE3JTIxM2Q0OC44NTU0MjMxNzEzMzE4NiUyMTJtMyUyMTFmMCUyMTJmMCUyMTNmMCUyMTNtMiUyMTFpMTAyNCUyMTJpNzY4JTIxNGYxMy4xJTIxM20zJTIxMW0yJTIxMXMweDQ3ZTY2ZDM3OTQ5MGZhNzElMjUzQTB4NzI2ODBjYjRjYmU1N2YzNiUyMTJzR3Jvb3YlMjYlMjMzOSUzQml0JTI1MjBEYW5jZSUyNTIwU3R1ZGlvJTIxNWUwJTIxM20yJTIxMXNmciUyMTJzZnIlMjE0djE3NjU1MDE1NTA0NDklMjE1bTIlMjExc2ZyJTIxMnNmciUyMiUyMHdpZHRoJTNEJTIyNjAwJTIyJTIwaGVpZ2h0JTNEJTIyNDUwJTIyJTIwc3R5bGUlM0QlMjJib3JkZXIlM0EwJTNCJTIyJTIwYWxsb3dmdWxsc2NyZWVuJTNEJTIyJTIyJTIwbG9hZGluZyUzRCUyMmxhenklMjIlMjByZWZlcnJlcnBvbGljeSUzRCUyMm5vLXJlZmVycmVyLXdoZW4tZG93bmdyYWRlJTIyJTNFJTNDJTJGaWZyYW1lJTNF\u00a0\u00bb size=\u00a0\u00bb350px\u00a0\u00bb][\/vc_column][vc_column width=\u00a0\u00bb2\/3&Prime;][vc_single_image image=\u00a0\u00bb15938&Prime; img_size=\u00a0\u00bbfull\u00a0\u00bb qode_css_animation=\u00a0\u00bb\u00a0\u00bb][vc_empty_space][\/vc_column][\/vc_row][vc_row css_animation=\u00a0\u00bb\u00a0\u00bb row_type=\u00a0\u00bbrow\u00a0\u00bb use_row_as_full_screen_section=\u00a0\u00bbno\u00a0\u00bb type=\u00a0\u00bbfull_width\u00a0\u00bb angled_section=\u00a0\u00bbno\u00a0\u00bb text_align=\u00a0\u00bbleft\u00a0\u00bb background_image_as_pattern=\u00a0\u00bbwithout_pattern\u00a0\u00bb][vc_column][vc_empty_space height=\u00a0\u00bb90px\u00a0\u00bb][vc_separator type=\u00a0\u00bbnormal\u00a0\u00bb color=\u00a0\u00bb#fffbdc\u00a0\u00bb thickness=\u00a0\u00bb1px\u00a0\u00bb][vc_empty_space][vc_column_text]<\/p>\n<h2 style=\"text-align: center;\"><span style=\"color: #f9b233;\">Parties \/ Soir\u00e9es<\/span><\/h2>\n<p>[\/vc_column_text][vc_empty_space][\/vc_column][\/vc_row][vc_row css_animation=\u00a0\u00bb\u00a0\u00bb row_type=\u00a0\u00bbrow\u00a0\u00bb use_row_as_full_screen_section=\u00a0\u00bbno\u00a0\u00bb type=\u00a0\u00bbfull_width\u00a0\u00bb angled_section=\u00a0\u00bbno\u00a0\u00bb text_align=\u00a0\u00bbleft\u00a0\u00bb background_image_as_pattern=\u00a0\u00bbwithout_pattern\u00a0\u00bb][vc_column width=\u00a0\u00bb1\/2&Prime;][vc_column_text]<\/p>\n<p style=\"text-align: center;\"><strong><em>Friday &amp; Saturday<\/em><br \/>\nVendredi &amp; Samedi<\/strong><\/p>\n<p>[\/vc_column_text][vc_empty_space][vc_gmaps link=\u00a0\u00bb#E-8_JTNDaWZyYW1lJTIwc3JjJTNEJTIyaHR0cHMlM0ElMkYlMkZ3d3cuZ29vZ2xlLmNvbSUyRm1hcHMlMkZlbWJlZCUzRnBiJTNEJTIxMW0xNCUyMTFtOCUyMTFtMyUyMTFkMTA0OTguODIzNzAwNTQ1ODkyJTIxMmQyLjMyNzM3MTI5NTI3NTg3NTYlMjEzZDQ4Ljg2MzgxNzg0Mjc2NDc0NiUyMTNtMiUyMTFpMTAyNCUyMTJpNzY4JTIxNGYxMy4xJTIxM20zJTIxMW0yJTIxMXMweDQ3ZTY2ZTI5NjRmOGM2M2YlMjUzQTB4ZDA3NTMwZjE5ZWYzMzM0ZiUyMTJzQmF0ZWF1JTI1MjBDb25jb3JkZSUyNTIwQXRsYW50aXF1ZSUyMTVlMCUyMTNtMiUyMTFzZnIlMjEyc2ZyJTIxNHYxNzAyMDc2MzA0NTM3JTIxNW0yJTIxMXNmciUyMTJzZnIlMjIlMjB3aWR0aCUzRCUyMjYwMCUyMiUyMGhlaWdodCUzRCUyMjQ1MCUyMiUyMHN0eWxlJTNEJTIyYm9yZGVyJTNBMCUzQiUyMiUyMGFsbG93ZnVsbHNjcmVlbiUzRCUyMiUyMiUyMGxvYWRpbmclM0QlMjJsYXp5JTIyJTIwcmVmZXJyZXJwb2xpY3klM0QlMjJuby1yZWZlcnJlci13aGVuLWRvd25ncmFkZSUyMiUzRSUzQyUyRmlmcmFtZSUzRQ==\u00a0\u00bb size=\u00a0\u00bbFull\u00a0\u00bb][vc_empty_space][vc_column_text]<\/p>\n<p style=\"text-align: center;\"><b>Concorde Atlantique<br \/>\n<\/b>Face au 23 quai Anatole France<br \/>\n75007 paris<\/p>\n<p>[\/vc_column_text][\/vc_column][vc_column width=\u00a0\u00bb1\/2&Prime;][vc_column_text]<\/p>\n<p style=\"text-align: center;\"><strong><em>Sunday<\/em><br \/>\nDimanche<\/strong><\/p>\n<p>[\/vc_column_text][vc_empty_space][vc_gmaps link=\u00a0\u00bb#E-8_JTNDaWZyYW1lJTIwc3JjJTNEJTIyaHR0cHMlM0ElMkYlMkZ3d3cuZ29vZ2xlLmNvbSUyRm1hcHMlMkZlbWJlZCUzRnBiJTNEJTIxMW0xOCUyMTFtMTIlMjExbTMlMjExZDI2MjQuOTc0MzA0NjU4MDUxNiUyMTJkMi40MzM0MzYzMTI0Njc3MTclMjEzZDQ4Ljg1ODcwMDM3MTIxMjU4JTIxMm0zJTIxMWYwJTIxMmYwJTIxM2YwJTIxM20yJTIxMWkxMDI0JTIxMmk3NjglMjE0ZjEzLjElMjEzbTMlMjExbTIlMjExczB4NDdlNjZkOWQ0Y2VhZGQyZiUyNTNBMHg0NTA3Yzc5NDU0OTgyMjUwJTIxMnNCYWwlMjUyMENoYXZhdXglMjE1ZTAlMjEzbTIlMjExc2ZyJTIxMnNmciUyMTR2MTc3NTEzNTM1NDg4MSUyMTVtMiUyMTFzZnIlMjEyc2ZyJTIyJTIwd2lkdGglM0QlMjI2MDAlMjIlMjBoZWlnaHQlM0QlMjI0NTAlMjIlMjBzdHlsZSUzRCUyMmJvcmRlciUzQTAlM0IlMjIlMjBhbGxvd2Z1bGxzY3JlZW4lM0QlMjIlMjIlMjBsb2FkaW5nJTNEJTIybGF6eSUyMiUyMHJlZmVycmVycG9saWN5JTNEJTIybm8tcmVmZXJyZXItd2hlbi1kb3duZ3JhZGUlMjIlM0UlM0MlMkZpZnJhbWUlM0U=\u00a0\u00bb size=\u00a0\u00bbFull\u00a0\u00bb][vc_empty_space][vc_column_text]<\/p>\n<p style=\"text-align: center;\"><b>Bal Chavaux<br \/>\n<\/b>1 avenue de la R\u00e9sistance<br \/>\n93100 Montreuil<\/p>\n<p>[\/vc_column_text][\/vc_column][\/vc_row][vc_row css_animation=\u00a0\u00bb\u00a0\u00bb row_type=\u00a0\u00bbrow\u00a0\u00bb use_row_as_full_screen_section=\u00a0\u00bbno\u00a0\u00bb type=\u00a0\u00bbfull_width\u00a0\u00bb angled_section=\u00a0\u00bbno\u00a0\u00bb text_align=\u00a0\u00bbleft\u00a0\u00bb background_image_as_pattern=\u00a0\u00bbwithout_pattern\u00a0\u00bb][vc_column][vc_empty_space height=\u00a0\u00bb70px\u00a0\u00bb][\/vc_column][\/vc_row]<\/p>\n","protected":false},"excerpt":{"rendered":"<p>[vc_row css_animation=\u00a0\u00bb\u00a0\u00bb row_type=\u00a0\u00bbrow\u00a0\u00bb use_row_as_full_screen_section=\u00a0\u00bbno\u00a0\u00bb type=\u00a0\u00bbfull_width\u00a0\u00bb angled_section=\u00a0\u00bbno\u00a0\u00bb text_align=\u00a0\u00bbleft\u00a0\u00bb background_image_as_pattern=\u00a0\u00bbwithout_pattern\u00a0\u00bb][vc_column][vc_empty_space height=\u00a0\u00bb70px\u00a0\u00bb][vc_column_text] Classes \/ Cours [\/vc_column_text][vc_empty_space][\/vc_column][\/vc_row][vc_row css_animation=\u00a0\u00bb\u00a0\u00bb row_type=\u00a0\u00bbrow\u00a0\u00bb use_row_as_full_screen_section=\u00a0\u00bbno\u00a0\u00bb type=\u00a0\u00bbfull_width\u00a0\u00bb angled_section=\u00a0\u00bbno\u00a0\u00bb text_align=\u00a0\u00bbleft\u00a0\u00bb background_image_as_pattern=\u00a0\u00bbwithout_pattern\u00a0\u00bb][vc_column width=\u00a0\u00bb1\/3&Prime;][vc_column_text] Groov&rsquo;it Dance Studio 19 rue Garibaldi 93100 Montreuil [\/vc_column_text][vc_empty_space height=\u00a0\u00bb10px\u00a0\u00bb][vc_gmaps link=\u00a0\u00bb#E-8_JTNDaWZyYW1lJTIwc3JjJTNEJTIyaHR0cHMlM0ElMkYlMkZ3d3cuZ29vZ2xlLmNvbSUyRm1hcHMlMkZlbWJlZCUzRnBiJTNEJTIxMW0xOCUyMTFtMTIlMjExbTMlMjExZDI2MjUuMTQ2MTYyMzg5MDI4NiUyMTJkMi40MjQ0NjgwNzY3NDMxODE3JTIxM2Q0OC44NTU0MjMxNzEzMzE4NiUyMTJtMyUyMTFmMCUyMTJmMCUyMTNmMCUyMTNtMiUyMTFpMTAyNCUyMTJpNzY4JTIxNGYxMy4xJTIxM20zJTIxMW0yJTIxMXMweDQ3ZTY2ZDM3OTQ5MGZhNzElMjUzQTB4NzI2ODBjYjRjYmU1N2YzNiUyMTJzR3Jvb3YlMjYlMjMzOSUzQml0JTI1MjBEYW5jZSUyNTIwU3R1ZGlvJTIxNWUwJTIxM20yJTIxMXNmciUyMTJzZnIlMjE0djE3NjU1MDE1NTA0NDklMjE1bTIlMjExc2ZyJTIxMnNmciUyMiUyMHdpZHRoJTNEJTIyNjAwJTIyJTIwaGVpZ2h0JTNEJTIyNDUwJTIyJTIwc3R5bGUlM0QlMjJib3JkZXIlM0EwJTNCJTIyJTIwYWxsb3dmdWxsc2NyZWVuJTNEJTIyJTIyJTIwbG9hZGluZyUzRCUyMmxhenklMjIlMjByZWZlcnJlcnBvbGljeSUzRCUyMm5vLXJlZmVycmVyLXdoZW4tZG93bmdyYWRlJTIyJTNFJTNDJTJGaWZyYW1lJTNF\u00a0\u00bb size=\u00a0\u00bb350px\u00a0\u00bb][\/vc_column][vc_column width=\u00a0\u00bb2\/3&Prime;][vc_single_image image=\u00a0\u00bb15938&Prime; img_size=\u00a0\u00bbfull\u00a0\u00bb qode_css_animation=\u00a0\u00bb\u00a0\u00bb][vc_empty_space][\/vc_column][\/vc_row][vc_row css_animation=\u00a0\u00bb\u00a0\u00bb row_type=\u00a0\u00bbrow\u00a0\u00bb use_row_as_full_screen_section=\u00a0\u00bbno\u00a0\u00bb type=\u00a0\u00bbfull_width\u00a0\u00bb angled_section=\u00a0\u00bbno\u00a0\u00bb text_align=\u00a0\u00bbleft\u00a0\u00bb background_image_as_pattern=\u00a0\u00bbwithout_pattern\u00a0\u00bb][vc_column][vc_empty_space height=\u00a0\u00bb90px\u00a0\u00bb][vc_separator&#8230;<\/p>\n","protected":false},"author":1,"featured_media":0,"parent":0,"menu_order":0,"comment_status":"closed","ping_status":"closed","template":"","meta":{"footnotes":""},"class_list":["post-14932","page","type-page","status-publish","hentry"],"yoast_head":"<!-- This site is optimized with the Yoast SEO plugin v26.5 - https:\/\/yoast.com\/wordpress\/plugins\/seo\/ -->\n<title>Venues \/ Lieux &#060; Paris Midnight Blues &#060; Boat on the Seine<\/title>\n<meta name=\"description\" content=\"Venez d\u00e9couvrir le lieu magnifique o\u00f9 va se d\u00e9rouler le Paris Midnight Blues : Un bateau sur la Seine au pied des plus grands monuments parisiens.\" \/>\n<meta name=\"robots\" content=\"index, follow, max-snippet:-1, max-image-preview:large, max-video-preview:-1\" \/>\n<link rel=\"canonical\" href=\"https:\/\/parismidnightblues.com\/index.php\/venues-lieux\/\" \/>\n<meta property=\"og:locale\" content=\"fr_FR\" \/>\n<meta property=\"og:type\" content=\"article\" \/>\n<meta property=\"og:title\" content=\"Venues \/ Lieux &#060; Paris Midnight Blues &#060; Boat on the Seine\" \/>\n<meta property=\"og:description\" content=\"Venez d\u00e9couvrir le lieu magnifique o\u00f9 va se d\u00e9rouler le Paris Midnight Blues : Un bateau sur la Seine au pied des plus grands monuments parisiens.\" \/>\n<meta property=\"og:url\" content=\"https:\/\/parismidnightblues.com\/index.php\/venues-lieux\/\" \/>\n<meta property=\"og:site_name\" content=\"Paris Midnight Blues\" \/>\n<meta property=\"article:publisher\" content=\"https:\/\/www.facebook.com\/parismidnightblues\/\" \/>\n<meta property=\"article:modified_time\" content=\"2026-04-02T13:10:45+00:00\" \/>\n<meta name=\"twitter:card\" content=\"summary_large_image\" \/>\n<meta name=\"twitter:label1\" content=\"Dur\u00e9e de lecture estim\u00e9e\" \/>\n\t<meta name=\"twitter:data1\" content=\"1 minute\" \/>\n<script type=\"application\/ld+json\" class=\"yoast-schema-graph\">{\"@context\":\"https:\/\/schema.org\",\"@graph\":[{\"@type\":\"WebPage\",\"@id\":\"https:\/\/parismidnightblues.com\/index.php\/venues-lieux\/\",\"url\":\"https:\/\/parismidnightblues.com\/index.php\/venues-lieux\/\",\"name\":\"Venues \/ Lieux &#060; Paris Midnight Blues &#060; Boat on the Seine\",\"isPartOf\":{\"@id\":\"https:\/\/parismidnightblues.com\/#website\"},\"datePublished\":\"2018-11-08T00:01:18+00:00\",\"dateModified\":\"2026-04-02T13:10:45+00:00\",\"description\":\"Venez d\u00e9couvrir le lieu magnifique o\u00f9 va se d\u00e9rouler le Paris Midnight Blues : Un bateau sur la Seine au pied des plus grands monuments parisiens.\",\"breadcrumb\":{\"@id\":\"https:\/\/parismidnightblues.com\/index.php\/venues-lieux\/#breadcrumb\"},\"inLanguage\":\"fr-FR\",\"potentialAction\":[{\"@type\":\"ReadAction\",\"target\":[\"https:\/\/parismidnightblues.com\/index.php\/venues-lieux\/\"]}]},{\"@type\":\"BreadcrumbList\",\"@id\":\"https:\/\/parismidnightblues.com\/index.php\/venues-lieux\/#breadcrumb\",\"itemListElement\":[{\"@type\":\"ListItem\",\"position\":1,\"name\":\"Accueil\",\"item\":\"https:\/\/parismidnightblues.com\/\"},{\"@type\":\"ListItem\",\"position\":2,\"name\":\"Venues \/ Lieux\"}]},{\"@type\":\"WebSite\",\"@id\":\"https:\/\/parismidnightblues.com\/#website\",\"url\":\"https:\/\/parismidnightblues.com\/\",\"name\":\"Paris Midnight Blues\",\"description\":\"International Blues Dance Festival\",\"potentialAction\":[{\"@type\":\"SearchAction\",\"target\":{\"@type\":\"EntryPoint\",\"urlTemplate\":\"https:\/\/parismidnightblues.com\/?s={search_term_string}\"},\"query-input\":{\"@type\":\"PropertyValueSpecification\",\"valueRequired\":true,\"valueName\":\"search_term_string\"}}],\"inLanguage\":\"fr-FR\"}]}<\/script>\n<!-- \/ Yoast SEO plugin. -->","yoast_head_json":{"title":"Venues \/ Lieux &#060; Paris Midnight Blues &#060; Boat on the Seine","description":"Venez d\u00e9couvrir le lieu magnifique o\u00f9 va se d\u00e9rouler le Paris Midnight Blues : Un bateau sur la Seine au pied des plus grands monuments parisiens.","robots":{"index":"index","follow":"follow","max-snippet":"max-snippet:-1","max-image-preview":"max-image-preview:large","max-video-preview":"max-video-preview:-1"},"canonical":"https:\/\/parismidnightblues.com\/index.php\/venues-lieux\/","og_locale":"fr_FR","og_type":"article","og_title":"Venues \/ Lieux &#060; Paris Midnight Blues &#060; Boat on the Seine","og_description":"Venez d\u00e9couvrir le lieu magnifique o\u00f9 va se d\u00e9rouler le Paris Midnight Blues : Un bateau sur la Seine au pied des plus grands monuments parisiens.","og_url":"https:\/\/parismidnightblues.com\/index.php\/venues-lieux\/","og_site_name":"Paris Midnight Blues","article_publisher":"https:\/\/www.facebook.com\/parismidnightblues\/","article_modified_time":"2026-04-02T13:10:45+00:00","twitter_card":"summary_large_image","twitter_misc":{"Dur\u00e9e de lecture estim\u00e9e":"1 minute"},"schema":{"@context":"https:\/\/schema.org","@graph":[{"@type":"WebPage","@id":"https:\/\/parismidnightblues.com\/index.php\/venues-lieux\/","url":"https:\/\/parismidnightblues.com\/index.php\/venues-lieux\/","name":"Venues \/ Lieux &#060; Paris Midnight Blues &#060; Boat on the Seine","isPartOf":{"@id":"https:\/\/parismidnightblues.com\/#website"},"datePublished":"2018-11-08T00:01:18+00:00","dateModified":"2026-04-02T13:10:45+00:00","description":"Venez d\u00e9couvrir le lieu magnifique o\u00f9 va se d\u00e9rouler le Paris Midnight Blues : Un bateau sur la Seine au pied des plus grands monuments parisiens.","breadcrumb":{"@id":"https:\/\/parismidnightblues.com\/index.php\/venues-lieux\/#breadcrumb"},"inLanguage":"fr-FR","potentialAction":[{"@type":"ReadAction","target":["https:\/\/parismidnightblues.com\/index.php\/venues-lieux\/"]}]},{"@type":"BreadcrumbList","@id":"https:\/\/parismidnightblues.com\/index.php\/venues-lieux\/#breadcrumb","itemListElement":[{"@type":"ListItem","position":1,"name":"Accueil","item":"https:\/\/parismidnightblues.com\/"},{"@type":"ListItem","position":2,"name":"Venues \/ Lieux"}]},{"@type":"WebSite","@id":"https:\/\/parismidnightblues.com\/#website","url":"https:\/\/parismidnightblues.com\/","name":"Paris Midnight Blues","description":"International Blues Dance Festival","potentialAction":[{"@type":"SearchAction","target":{"@type":"EntryPoint","urlTemplate":"https:\/\/parismidnightblues.com\/?s={search_term_string}"},"query-input":{"@type":"PropertyValueSpecification","valueRequired":true,"valueName":"search_term_string"}}],"inLanguage":"fr-FR"}]}},"_links":{"self":[{"href":"https:\/\/parismidnightblues.com\/index.php\/wp-json\/wp\/v2\/pages\/14932","targetHints":{"allow":["GET"]}}],"collection":[{"href":"https:\/\/parismidnightblues.com\/index.php\/wp-json\/wp\/v2\/pages"}],"about":[{"href":"https:\/\/parismidnightblues.com\/index.php\/wp-json\/wp\/v2\/types\/page"}],"author":[{"embeddable":true,"href":"https:\/\/parismidnightblues.com\/index.php\/wp-json\/wp\/v2\/users\/1"}],"replies":[{"embeddable":true,"href":"https:\/\/parismidnightblues.com\/index.php\/wp-json\/wp\/v2\/comments?post=14932"}],"version-history":[{"count":40,"href":"https:\/\/parismidnightblues.com\/index.php\/wp-json\/wp\/v2\/pages\/14932\/revisions"}],"predecessor-version":[{"id":15870,"href":"https:\/\/parismidnightblues.com\/index.php\/wp-json\/wp\/v2\/pages\/14932\/revisions\/15870"}],"wp:attachment":[{"href":"https:\/\/parismidnightblues.com\/index.php\/wp-json\/wp\/v2\/media?parent=14932"}],"curies":[{"name":"wp","href":"https:\/\/api.w.org\/{rel}","templated":true}]}}